uppose -1 - 5 = w. List the prime factors of t(w).
17
Let a(s) = 2*s**3 - s + 1. Let m be a(2). What are the prime factors of (-135)/(-6)*12/m?
2, 3
Let r(n) be the second derivative of n**3/3 - 9*n**2/2 + 6*n. Let u(g) = g**2 - 6*g + 6. Let s be u(6). What are the prime factors of r(s)?
3
Suppose -2*y = -1061 + 215. What are the prime factors of y?
3, 47
List the prime factors of (-9)/(-6) + 1/2 - -29.
31
Let n = 20 - 13. Let u(k) = k**2 - 5*k + 2. What are the prime factors of u(n)?
2
Suppose 4*o - 6 - 6 = 0. Suppose 40 = 4*f - o*x, -4*f - x + 40 = 4*x. What are the prime factors of f?
2, 5
Let g = -5 - 0. Let k = 5 + g. Suppose 4*m + 4*t - 48 = k, 2*t - 40 = -2*m - 2*m. What are the prime factors of m?
2
Let y(b) = b**2 - 2*b + 14. Let h be y(0). What are the prime factors of 368/h + 8/(-28)?
2, 13
Let c = -16 + 18. Suppose c*y + 5*p - 37 = 0, -2*y = 3*y + 5*p - 55. List the prime factors of y.
2, 3
Let b = -3 - -2. Let c = 12 - 21. Let x = b - c. What are the prime factors of x?
2
Let a(q) = 5*q - 13. What are the prime factors of a(14)?
3, 19
Suppose 4*u + 3 - 11 = 0. Let l(w) = 29*w - 5. List the prime factors of l(u).
53
Let r(f) = f**3 + f**2 + f + 5. List the prime factors of r(0).
5
Let f(n) = -n**2 - 11*n + 29. What are the prime factors of f(-10)?
3, 13
Let g(f) = 8*f**2 - 3*f + 7. List the prime factors of g(-6).
313
Suppose 0 = 4*o + 9 + 3. List the prime factors of (7/o + 1)*-9.
2, 3
Suppose 1501 - 441 = 5*w. List the prime factors of w.
2, 53
Let v = 8 - 12. Let f = 3 - v. What are the prime factors of f?
7
Suppose 0 = c + 3*j + 12, -2*j - 3 = 2*c + 1. List the prime factors of c.
3
Suppose 0 = 3*l - 2*l + 4*q - 9, 165 = 5*l - 4*q. Let n = 26 - 44. Let u = l + n. What are the prime factors of u?
11
Let p(l) = -3*l**2 - 11*l. Let q(b) = 8*b**2 + 32*b - 1. Let f(c) = -11*p(c) - 4*q(c). What are the prime factors of f(8)?
2, 3
Let c(d) = -d + 1. Let q(t) = 2*t + 4. Let x(s) = 3*c(s) + q(s). What are the prime factors of x(5)?
2
Let r be (-22)/8*(0 + 4). Let t = 7 - r. What are the prime factors of t?
2, 3
Let m = 11 - 4. Suppose -37 - m = -4*n. What are the prime factors of n?
11
Suppose 0 = 2*b - 51 + 19. List the prime factors of b.
2
Suppose -3*k - 3 = -108. What are the prime factors of k?
5, 7
Let v(t) = -t**2 - 14*t - 12. What are the prime factors of v(-10)?
2, 7
Suppose 448 - 160 = 3*s. Let o = -65 + s. What are the prime factors of o?
31
Suppose 6*v + 42 = 9*v. List the prime factors of v.
2, 7
Let l(v) = -4*v + v - v + 3*v**2 + 2. Let w be l(2). Let a(k) = -k**3 + 6*k**2 + 6. What are the prime factors of a(w)?
2, 3
Let y(j) = -5*j. Suppose -k - 8 = 4*k - i, 4*k - 4*i = 0. What are the prime factors of y(k)?
2, 5
Suppose -2*r + 4 = -2*l, -4*l - l + 10 = 5*r. Suppose -2*z - 3*z + 10 = l. List the prime factors of z.
2
Let k(g) = g**3 - 6*g**2 + 5. Let m be (2 - 6)/((-2)/3). What are the prime factors of k(m)?
5
Let q = 18 + -25. What are the prime factors of 12/q*84/(-8)?
2, 3
Suppose 2*q + 6 = 2*t, q - 3*q - 3 = -5*t. Let r be 0/(((-1)/(-1))/t). Suppose r = -n - 0 + 3. List the prime factors of n.
3
Let r(w) = -13*w + 1. Let p(k) = k + 5. Let j be p(-6). What are the prime factors of r(j)?
2, 7
Let d(q) = 152*q**2 - q + 1. What are the prime factors of d(1)?
2, 19
Let l be 9/(-12) + 124/16. Let g = 14 - l. What are the prime factors of g?
7
Let a(z) = z**2 + 2*z + 2. Let u be a(-3). Let b(i) = i**3 - 4*i**2 - 5*i - 1. Let m be b(u). Let v(j) = -5*j - 1. What are the prime factors of v(m)?
2
Suppose -15 = -4*a + 57. Let c be ((-7)/21)/((-2)/12). Suppose 0 = 2*r - 7*q + 4*q - a, -c*r = 5*q - 18. What are the prime factors of r?
3
Suppose -4*f - 158 = -2*s, -4*s + 245 = 4*f - 11. List the prime factors of s.
3, 23
Suppose -l - 3*t + 55 = 0, -6*t + 52 = l - 2*t. What are the prime factors of l?
2
List the prime factors of (8/3 + (-4)/6)*1.
2
Let a(d) = -d**2 - 21*d - 13. List the prime factors of a(-15).
7, 11
Let z(i) = 4*i - 3*i - 3 + 5. List the prime factors of z(6).
2
Suppose -2*c - 3*o - o = 0, -4 = 4*o. Suppose 0 = 2*l + c*l - 8. List the prime factors of l.
2
Let w(l) = -11*l**2 + 18*l + 5. Let j(i) = -4*i**2 + 6*i + 2. Let c(o) = -8*j(o) + 3*w(o). List the prime factors of c(3).
2
Let n(g) = -14*g. Let v(c) = c - 1. Let i be v(0). What are the prime factors of n(i)?
2, 7
Suppose 4*j - j - 81 = 0. Suppose 5*f - 33 = -4*p, -5*f + 0*p - p + j = 0. What are the prime factors of f?
5
List the prime factors of 324 - (6 - 3)/((-3)/2).
2, 163
What are the prime factors of (-6)/(-4)*61*(-28)/(-21)?
2, 61
What are the prime factors of 0 + 4 + (-2 - -196)?
2, 3, 11
Let k be (-2)/(-1 - -3) - 2. Let x = -37 + 52. List the prime factors of x/(k - -2*2).
3, 5
Let h(l) = l + 2. Let o be h(-2). Suppose -4*z + 8 = o, 5*y + 3*z - z = 84. List the prime factors of y.
2
Let b = 5 - 29. Let o = -9 - b. What are the prime factors of o?
3, 5
Let n(g) = 4*g**2 - 4*g + 2. Let p be n(-5). List the prime factors of (-12)/(-42) - p/(-14).
3
Suppose 5*n + 44 = k + 1, -127 = -4*k + 5*n. Suppose 5*m = 328 - k. Suppose -7*l = -10*l + m. What are the prime factors of l?
2, 5
Let u(v) = 6*v + 7. Let s be u(7). Suppose -4*b + s = 9. What are the prime factors of b?
2, 5
Let d = 12 + -9. Suppose -d*a = 2*f - 37, 3*f - a + 3 - 42 = 0. What are the prime factors of f?
2, 7
Let h(l) = -2 - 3*l**2 + 4*l**2 - l + l**2. List the prime factors of h(-3).
19
Let q(l) = 3*l - 1. Suppose 3*a + 5*d + 11 = 0, 5*a + d - 7 = 4. List the prime factors of q(a).
2
Let k = -2 + 0. Let q be 6/((-2)/(-4)*k). List the prime factors of (q/(-10))/((-1)/(-5)).
3
Let p = -2 + 17. Let y = 22 - p. List the prime factors of y.
7
Suppose 2*c + 2*c - 8 = 0. Suppose -1 = -3*k + c*k. List the prime factors of (13 - 0/2)*k.
13
Let m(b) = -b**3 - 4*b**2 + 6*b + 6. Let j be m(-5). Suppose 2*z = j + 9. List the prime factors of z.
5
Let t(l) = -l**2 + l - 148. Let r be t(0). Let y = r - -207. Suppose 0 = -5*b - 15, 5*x - y - 16 = -5*b. What are the prime factors of x?
2, 3
Let a = 20 - -75. What are the prime factors of a?
5, 19
Suppose -2*w = w - 147. What are the prime factors of w?
7
Suppose 4*z - 104 = -4*p - 0*p, -2*z = -5*p - 24. Suppose z = 3*f + 1. List the prime factors of f.
7
Let i = 51 + -29. What are the prime factors of i - (0 - -4)/2?
2, 5
Let j(v) = -3 - v**2 + 5 + 0*v**2 + 4*v. Suppose -14 - 6 = -5*b. What are the prime factors of j(b)?
2
Let n(g) = g**2 + 5*g + 1. What are the prime factors of n(-8)?
5
Suppose y - 10 = 2*u, 0 = 5*u + y + 10 + 15. What are the prime factors of u*((-2)/(-2) - 2)?
5
Suppose -3*v = 3*t + 42, -v = 4*t + 14 + 15. Let n be v/(-1)*1/(-3). Let f(g) = -7*g - 4. List the prime factors of f(n).
17
Let y(j) = j**3 + 8*j**2 + 16*j + 7. List the prime factors of y(-5).
2
Let k(p) = p**2 + 2*p - 2. List the prime factors of k(5).
3, 11
Let d = 7 - -14. List the prime factors of d.
3, 7
Let j = 158 - -104. What are the prime factors of j?
2, 131
Let a be 192/30 + 2/(-5). Suppose -m = -a*m + 160. What are the prime factors of m?
2
Suppose -5*n + 4*n = 1, -4*n + 111 = 5*a. List the prime factors of a.
23
Suppose -2*u = -7*u - 2*f - 15, -3*u - 9 = f. Suppose -23 = -5*c + 7. What are the prime factors of (-1 - u)/(c/21)?
7
Suppose 2 = w + 1. Suppose 4*y + 23 = 3*q, q + 2*y - w - 10 = 0. What are the prime factors of q?
3
Let x = -75 - -42. Let v = 0 - x. Suppose 5*f = 5*j + 40, -4*f + 5*j - 3 = -v. List the prime factors of f.
2, 5
Let t(g) = 7*g**2 + 5 - 6*g**2 + 0*g - 8*g + 10. What are the prime factors of t(7)?
2
Let l(h) = -2 + 6*h + 6 + 4*h**2 + 1 + 0. What are the prime factors of l(-4)?
3, 5
What are the prime factors of 5/20 - 147/(-4)?
37
Let t(g) = g**2 - 10*g - 19. Let x be t(14). Let f = x + -11. What are the prime factors of f?
2, 13
Let j = -20 - -25. What are the prime factors of j?
5
Let m(l) = l**3 + 18*l**2 - 20*l - 7. What are the prime factors of m(-19)?
2, 3
Let h = 22 + -16. Let v = 19 + h. List the prime factors of v.
5
Let t(x) = 3*x + 5. Let n(k) = -k - 3. Let f(a) = -7*n(a) - 4*t(a). Let c(m) = m**2 + m - 2. Let s be c(0). List the prime factors of f(s).
11
List the prime factors of ((-25)/25)/(-2 + 210/106).
53
Let l = -17 - -23. Let s(c) = -c**3 + 8*c**2 - 8*c - 4. What are the prime factors of s(l)?
2, 5
Let w(q) = 0*q**2 -